{"id":665,"date":"2024-12-13T12:14:53","date_gmt":"2024-12-13T12:14:53","guid":{"rendered":"https:\/\/acharaka.com.tr\/index.php\/urun\/mertsan-takma-uclu-matkap-2-d-u-drill-027-2d-27mm-takim-capi-vcmx5-kesici-uc-1-adet\/"},"modified":"2024-12-28T14:18:14","modified_gmt":"2024-12-28T14:18:14","slug":"mertsan-takma-uclu-matkap-2-d-u-drill-027-2d-27mm-takim-capi-vcmx5-kesici-uc-1-adet","status":"publish","type":"product","link":"https:\/\/acharaka.com.tr\/index.php\/urun\/mertsan-takma-uclu-matkap-2-d-u-drill-027-2d-27mm-takim-capi-vcmx5-kesici-uc-1-adet\/","title":{"rendered":"Mertsan Takma U\u00e7lu Matkap 2-D U-Drill 027-2D &#8211; 27mm Tak\u0131m \u00c7ap\u0131, VCMX5 Kesici U\u00e7 &#8211; 1 Adet"},"content":{"rendered":"<p><strong>Mertsan Takma U&ccedil;lu Matkap 2-D U-Drill 027-2D &#8211; 27mm Tak\u0131m &Ccedil;ap\u0131, VCMX5 Kesici U&ccedil; &#8211; 1 Adet<strong><\/strong><\/strong><\/p>\n<ul>\n<li>\u0130ki kesme kenar\u0131na sahip delik delme ve i\u015fleme tak\u0131m\u0131d\u0131r.<\/li>\n<li>Hassas delik delmek i&ccedil;in kullan\u0131ld\u0131\u011f\u0131 gibi, pah k\u0131rma, eksantrik delme, hav\u015fa a&ccedil;ma ve &ccedil;ok ad\u0131ml\u0131 deliklerin i\u015flenilmesinde de kullan\u0131l\u0131r.<\/li>\n<li>\u0130&ccedil;ten su verme &ouml;zelli\u011fi vard\u0131r.<\/li>\n<li>Udrill delme arac\u0131 takma u&ccedil;ludur. U&ccedil;lar\u0131n de\u011fi\u015ftirilerek g&ouml;vdenin sabit b\u0131rak\u0131lmas\u0131 maliyeti d&uuml;\u015f&uuml;r&uuml;r.<\/li>\n<li>Delik delme i\u015fleminde b&uuml;y&uuml;k zaman kazanc\u0131 sa\u011flar.<\/li>\n<li>CNC ve Universal tezgahlara uygundur.<\/li>\n<li>Delik &ccedil;ap\u0131n\u0131n iki kat\u0131(2-D) boyunda delik deler.(Delme Derinli\u011fi=2 x Tak\u0131m &Ccedil;ap\u0131)<\/li>\n<li>&Ccedil;ap &ouml;l&ccedil;&uuml;s&uuml; kullan\u0131lan elmas u&ccedil;lar\u0131n kenar rady&uuml;sleri de\u011fi\u015ftirilerek (&plusmn;)%20 oran\u0131nda k&uuml;&ccedil;&uuml;lt&uuml;l&uuml;p b&uuml;y&uuml;t&uuml;lebilir.<\/li>\n<li>Paket i&ccedil;inde 1 adet &uuml;r&uuml;n vard\u0131r.&nbsp;<\/li>\n<li>&Ouml;zel plastik koruyucu paketi i&ccedil;inde g&ouml;nderilir.<\/li>\n<li>30 y\u0131l\u0131 a\u015fk\u0131n bir &uuml;retici firma olan Mertsan Makine taraf\u0131ndan standartlara uygun olarak &uuml;retilmi\u015ftir.<\/li>\n<\/ul>\n","protected":false},"excerpt":{"rendered":"<p>2D UDRILL<\/p>\n","protected":false},"featured_media":615,"comment_status":"open","ping_status":"closed","template":"","meta":{"postBodyCss":"","postBodyMargin":[],"postBodyPadding":[],"postBodyBackground":{"backgroundType":"classic","gradient":""},"_kad_post_transparent":"default","_kad_post_title":"","_kad_post_layout":"default","_kad_post_sidebar_id":"","_kad_post_content_style":"default","_kad_post_vertical_padding":"default","_kad_post_feature":"","_kad_post_feature_position":"","_kad_post_header":false,"_kad_post_footer":false,"_kad_post_classname":""},"product_brand":[],"product_cat":[47],"product_tag":[136,138,137],"class_list":{"0":"post-665","1":"product","2":"type-product","3":"status-publish","4":"has-post-thumbnail","6":"product_cat-takma-uclu-2d-matkaplar-2-d-u-drill","7":"product_tag-2-d","8":"product_tag-takma-uclu-matkap","9":"product_tag-u-dril","11":"first","12":"instock","13":"taxable","14":"shipping-taxable","15":"purchasable","16":"product-type-simple","17":"entry","18":"content-bg","19":"loop-entry"},"_links":{"self":[{"href":"https:\/\/acharaka.com.tr\/index.php\/wp-json\/wp\/v2\/product\/665","targetHints":{"allow":["GET"]}}],"collection":[{"href":"https:\/\/acharaka.com.tr\/index.php\/wp-json\/wp\/v2\/product"}],"about":[{"href":"https:\/\/acharaka.com.tr\/index.php\/wp-json\/wp\/v2\/types\/product"}],"replies":[{"embeddable":true,"href":"https:\/\/acharaka.com.tr\/index.php\/wp-json\/wp\/v2\/comments?post=665"}],"wp:featuredmedia":[{"embeddable":true,"href":"https:\/\/acharaka.com.tr\/index.php\/wp-json\/wp\/v2\/media\/615"}],"wp:attachment":[{"href":"https:\/\/acharaka.com.tr\/index.php\/wp-json\/wp\/v2\/media?parent=665"}],"wp:term":[{"taxonomy":"product_brand","embeddable":true,"href":"https:\/\/acharaka.com.tr\/index.php\/wp-json\/wp\/v2\/product_brand?post=665"},{"taxonomy":"product_cat","embeddable":true,"href":"https:\/\/acharaka.com.tr\/index.php\/wp-json\/wp\/v2\/product_cat?post=665"},{"taxonomy":"product_tag","embeddable":true,"href":"https:\/\/acharaka.com.tr\/index.php\/wp-json\/wp\/v2\/product_tag?post=665"}],"curies":[{"name":"wp","href":"https:\/\/api.w.org\/{rel}","templated":true}]}}