{"id":532,"date":"2024-12-09T16:44:10","date_gmt":"2024-12-09T16:44:10","guid":{"rendered":"https:\/\/acharaka.com.tr\/?page_id=532"},"modified":"2024-12-09T16:56:40","modified_gmt":"2024-12-09T16:56:40","slug":"mesafeli-satis-sozlesmesi","status":"publish","type":"page","link":"https:\/\/acharaka.com.tr\/index.php\/mesafeli-satis-sozlesmesi\/","title":{"rendered":"Mesafeli Sat\u0131\u015f S\u00f6zle\u015fmesi"},"content":{"rendered":"\n<p><strong>Mesafeli Sat\u0131\u015f S\u00f6zle\u015fmesi<\/strong><\/p>\n\n\n\n<p>T\u00fcm kullan\u0131c\u0131lar \u00fcyelik i\u015flemlerini ger\u00e7ekle\u015ftirdikleri anda \u015fat\u0131\u015f s\u00f6zle\u015fmesini okuduklar\u0131n\u0131 ve onaylad\u0131klar\u0131n\u0131 kabul etmi\u015f say\u0131l\u0131rlar.<br>Sat\u0131\u015f S\u00f6zle\u015fmesi&nbsp;<br>Acharaka.com &#8211; Mehmet \u00c7akmako\u011flu ile M\u00fc\u015fteri aras\u0131ndaki Sanal Ortamda&nbsp; Sat\u0131\u015f S\u00f6zle\u015fmesidir.<br>Madde \u2013 1&nbsp;<br>\u0130\u015f bu s\u00f6zle\u015fmenin konusu, sat\u0131c\u0131n\u0131n, al\u0131c\u0131ya sat\u0131\u015f\u0131n\u0131 yapt\u0131\u011f\u0131, a\u015fa\u011f\u0131da nitelikleri ve sat\u0131\u015f fiyat\u0131 belirtilen \u00fcr\u00fcn\u00fcn sat\u0131\u015f\u0131 ve teslimi ile ilgili olarak 4077 say\u0131l\u0131 T\u00fcketicilerin Korunmas\u0131 Hakk\u0131ndaki Kanunun; Mesafeli S\u00f6zle\u015fmeleri Uygulama Esas ve Usulleri Hakk\u0131nda Y\u00f6netmelik h\u00fck\u00fcmleri gere\u011fince taraflar\u0131n hak ve y\u00fck\u00fcml\u00fcl\u00fcklerinin kapsamaktad\u0131r.&nbsp;<br>Madde \u2013 2&nbsp;<br>&nbsp;SATICI B\u0130LG\u0130LER\u0130<br>Acharaka.com &#8211; Mehmet \u00c7akmako\u011flu<br>Madde \u2013 3&nbsp;<br>&nbsp;ALICI B\u0130LG\u0130LER\u0130&nbsp;<br>T\u00fcm \u00fcyeler: Acharaka.com &#8211; Mehmet \u00c7akmako\u011flu Firmas\u0131n\u0131n e-ticaret ma\u011fazas\u0131&nbsp;<a href=\"http:\/\/mehmetcakmakoglu.com\/\">acharaka.com<\/a>\u2019a \u00fcye olup al\u0131\u015fveri\u015f yapan t\u00fcm al\u0131c\u0131lar. (Bundan sonra al\u0131c\u0131 veya m\u00fc\u015fteri olarak an\u0131lacakt\u0131r).<br>Madde \u2013 4&nbsp;<br>&nbsp;S\u00d6ZLE\u015eME KONUSU VE \u00dcR\u00dcN B\u0130LG\u0130LER\u0130:&nbsp;<br>Mal\/\u00dcr\u00fcn veya Hizmetin; T\u00fcr\u00fc, Miktar\u0131, Marka\/Modeli, Rengi, Adedi, Sat\u0131\u015f Bedeli ve \u00d6deme \u015eekli, sitede belirtildi\u011fi gibi olup, bu vaatler al\u0131c\u0131ya bildirilmeden de\u011fi\u015fiklik g\u00f6sterebilmektedir.<\/p>\n\n\n\n<p>Madde \u2013 5&nbsp;<br>&nbsp;GENEL H\u00dcK\u00dcMLER&nbsp;<br>5.1 \u2013 ALICI, Madde 4\u2019te belirtilen s\u00f6zle\u015fme konusu \u00fcr\u00fcn\u00fcn temel nitelikleri, sat\u0131\u015f fiyat\u0131 ve \u00f6deme \u015fekli ile teslimata ili\u015fkin t\u00fcm \u00f6n B\u0130LG\u0130LER\u0130 okuyup bilgi sahibi oldu\u011funu ve elektronik ortamda gerekli teyidi verdi\u011fini beyan eder.&nbsp;&nbsp;<br>5.2 \u2013 S\u00f6zle\u015fme konusu \u00fcr\u00fcn, yasal 30 g\u00fcnl\u00fck s\u00fcreyi a\u015fmamak ko\u015fulu ile her bir \u00fcr\u00fcn i\u00e7in al\u0131c\u0131n\u0131n yerle\u015fim yerinin uzakl\u0131\u011f\u0131na ba\u011fl\u0131 olarak \u00f6n bilgiler i\u00e7inde a\u00e7\u0131klanan s\u00fcre i\u00e7inde al\u0131c\u0131 veya g\u00f6sterdi\u011fi adresteki ki\u015fi veya kurulu\u015fa teslim edilir.&nbsp;<br>5.3 \u2013 S\u00f6zle\u015fme konusu \u00fcr\u00fcn, al\u0131c\u0131dan ba\u015fka bir ki\u015fi veya kurulu\u015fa teslim edilecek ise, teslim edilecek ki\u015fi veya kurulu\u015fun teslimat\u0131 kabul etmemesinden dolay\u0131 SATICI sorumlu tutulamaz.&nbsp;<br>5.4 \u201d SATICI , s\u00f6zle\u015fme konusu \u00fcr\u00fcn\u00fcn sa\u011flam, eksiksiz, sipari\u015fte belirtilen niteliklere uygun ve varsa garanti belgeleri ve kullan\u0131m k\u0131lavuzlar\u0131 ile birlikte teslim edilmesinden sorumludur.&nbsp;<br>5.5 \u2013 S\u00f6zle\u015fme konusu \u00fcr\u00fcn\u00fcn teslimat\u0131 i\u00e7in i\u015f bu s\u00f6zle\u015fmenin elektronik ortamda onaylanm\u0131\u015f olmas\u0131 ve sat\u0131\u015f bedelinin al\u0131c\u0131n\u0131n tercih etti\u011fi \u00f6deme \u015fekli ile \u00f6denmi\u015f olmas\u0131 \u015fartt\u0131r. Herhangi bir nedenle \u00fcr\u00fcn bedeli \u00f6denmez veya banka kay\u0131tlar\u0131nda iptal edilir ise, SATICI \u00fcr\u00fcn\u00fcn teslimi y\u00fck\u00fcml\u00fcl\u00fc\u011f\u00fcnden kurtulmu\u015f kabul edilir.&nbsp;<br>5.6 \u2013 \u00dcr\u00fcn\u00fcn tesliminden sonra al\u0131c\u0131ya ait kredi kart\u0131n\u0131n al\u0131c\u0131n\u0131n kusurundan kaynaklanmayan bir \u015fekilde yetkisiz ki\u015filerce haks\u0131z veya hukuka ayk\u0131r\u0131 olarak kullan\u0131lmas\u0131 nedeni ile ilgili banka veya finans kurulu\u015fun \u00fcr\u00fcn bedelini SATICI ya \u00f6dememesi halinde, ALICI kendisi veya sat\u0131\u015f s\u00f6zle\u015fmesinde belirtti\u011fi ki\u015fi veya kuruma teslim edilmi\u015f olan \u00fcr\u00fcn\u00fc 3 i\u015f g\u00fcn\u00fc i\u00e7inde SATICI ya g\u00f6ndermek zorundad\u0131r. B\u00f6yle bir durumda nakliye giderleri al\u0131c\u0131ya aittir.&nbsp;<br>5.7 \u2013 SATICI m\u00fccbir sebepler veya nakliyeyi engelleyen hava muhalefeti, ula\u015f\u0131m\u0131n kesilmesi gibi ola\u011fan\u00fcst\u00fc durumlar nedeni ile s\u00f6zle\u015fme konusu \u00fcr\u00fcn\u00fc s\u00fcresi i\u00e7inde teslim edemez ise, durumu al\u0131c\u0131ya bildirmekle y\u00fck\u00fcml\u00fcd\u00fcr. Bu takdirde al\u0131c\u0131 sipari\u015finin iptal edilmesini, s\u00f6zle\u015fme konusu \u00fcr\u00fcn\u00fcn varsa emsali ile de\u011fi\u015ftirilmesini, ve\/veya teslimat s\u00fcresinin engelleyici durumun ortadan kalkmas\u0131na kadar ertelenmesi haklar\u0131ndan birini kullanabilir. Al\u0131c\u0131n\u0131n sipari\u015fi iptal etmesi halinde, SATICI 7 g\u00fcn i\u00e7inde al\u0131c\u0131ya ait kredi kart\u0131 fi\u015finin iptali ve ilgili tutar\u0131n al\u0131c\u0131n\u0131n hesab\u0131na iade edilmesi konusunda ilgili banka nezdinde giri\u015fimde bulunur ve yap\u0131lan i\u015flem elektronik posta arac\u0131l\u0131\u011f\u0131 ile al\u0131c\u0131ya bildirilir. B\u00f6yle bir durumda ilgili bankadan kaynaklanan gecikmelerden dolay\u0131 SATICI sorumlu tutulamaz.&nbsp;<br>5.8 \u2013 ALICI ve\/veya al\u0131c\u0131n\u0131n teslimat yap\u0131lmas\u0131 istedi\u011fi ki\u015fi ve\/veya kurumlara teslim edilmi\u015f olan \u00fcr\u00fcnlerin ar\u0131zal\u0131 veya bozuk olmas\u0131 durumunda, garanti \u015fartlar\u0131 i\u00e7inde gerekli onar\u0131m veya de\u011fi\u015ftirme i\u015fleminin yap\u0131lmas\u0131 i\u00e7in ilgili \u00fcr\u00fcn veya \u00fcr\u00fcnler SATICI\u2019ya, ALICI taraf\u0131n\u0131n teslim ald\u0131\u011f\u0131 tarihten ba\u015flayarak 7 g\u00fcn i\u00e7inde g\u00f6nderilir ve nakliye giderleri SATICI taraf\u0131ndan kar\u015f\u0131lan\u0131r. B\u00f6yle bir durumda 7 g\u00fcnl\u00fck s\u00fcrenin dolmas\u0131 halinde, ALICI teslim alm\u0131\u015f oldu\u011fu \u00fcr\u00fcn\u00fc ilgili servisine g\u00f6t\u00fcrmek zorundad\u0131r.&nbsp;<br>5.9- \u0130s bu s\u00f6zle\u015fme, al\u0131c\u0131 taraf\u0131ndan elektronik olarak onayland\u0131ktan(\u00fcyelik ger\u00e7ekle\u015ftirdikten sonra) \u2026\u2026\u2026\u2026\u2026\u2026\u2026\u2026\u2026\u2026.. adresine ula\u015ft\u0131r\u0131ld\u0131ktan sonra ge\u00e7erlilik kazan\u0131r.&nbsp;<br>&nbsp;Madde \u2013 6&nbsp;<br>CAYMA HAKKI:&nbsp;<br>Al\u0131c\u0131, s\u00f6zle\u015fme konusu \u00fcr\u00fcn\u00fcn kendisine veya g\u00f6sterdi\u011fi adresteki ki\u015fi\/kurulu\u015fa tesliminden itibaren yedi (7) g\u00fcn i\u00e7inde cayma hakk\u0131na sahiptir. Cayma hakk\u0131n\u0131n kullan\u0131labilmesi i\u00e7in bu s\u00fcre i\u00e7inde SATICIya faks veya elektronik posta ile bildirimde bulunulmas\u0131 ve \u00fcr\u00fcn\u00fcn 7. madde h\u00fck\u00fcmleri \u00e7er\u00e7evesinde kullan\u0131lmam\u0131\u015f ve ambalaj\u0131n\u0131n zarar g\u00f6rmemi\u015f olmas\u0131 \u015fartt\u0131r. Bu hakk\u0131n kullan\u0131lmas\u0131 halinde, 3. ki\u015fiye veya al\u0131c\u0131ya teslim edilen \u00fcr\u00fcn\u00fcn SATICIya g\u00f6nderildi\u011fine dair kargo teslim tutana\u011f\u0131 \u00f6rne\u011fi ile sat\u0131\u015f faturas\u0131 asl\u0131n\u0131n iadesi zorunludur. Bu belgelerin ula\u015fmas\u0131n\u0131 takip eden 7 g\u00fcn i\u00e7inde \u00fcr\u00fcn bedelinin al\u0131c\u0131n\u0131n kredi kart\u0131 hesab\u0131na iade edilmesi i\u00e7in SATICI ilgili banka nezdinde giri\u015fimde bulunur. \u00dcr\u00fcn bedelinin iadesinde banka taraf\u0131ndaki aksakl\u0131klardan dolay\u0131 SATICI sorumlu tutulamaz. Sat\u0131\u015f faturas\u0131n\u0131n asl\u0131n\u0131n g\u00f6nderilmemesi durumunda katma de\u011fer vergisi ve varsa di\u011fer yasal y\u00fck\u00fcml\u00fcl\u00fckler iade edilmez. Cayma hakk\u0131 nedeni ile iade edilen \u00fcr\u00fcn\u00fcn kargo bedeli al\u0131c\u0131ya aittir. Ayr\u0131ca, niteli\u011fi itibar\u0131yla iade edilemeyecek \u00fcr\u00fcnler, tek kullan\u0131ml\u0131k \u00fcr\u00fcnler, kopyalanabilir yaz\u0131l\u0131m ve programlar, h\u0131zl\u0131 bozulan veya son kullan\u0131m tarihi ge\u00e7en \u00fcr\u00fcnler i\u00e7in cayma hakk\u0131 kullan\u0131lamaz. Her t\u00fcrl\u00fc yaz\u0131l\u0131m ve programlar, DVD, VCD, CD ve kasetler, Bilgisayar ve k\u0131rtasiye sarf malzemeleri (toner, kartu\u015f, \u015ferit v.b) ve H\u00fcr t\u00fcrl\u00fc kozmetik \u00fcr\u00fcnlerinde cayma hakk\u0131n\u0131n kullan\u0131lmas\u0131, \u00fcr\u00fcn\u00fcn ambalaj\u0131n\u0131n a\u00e7\u0131lmam\u0131\u015f, bozulmam\u0131\u015f ve \u00fcr\u00fcn\u00fcn kullan\u0131lmam\u0131\u015f olmas\u0131 \u015fart\u0131na ba\u011fl\u0131d\u0131r.<br>Madde \u2013 7&nbsp;<br>&nbsp;YETK\u0130L\u0130 MAHKEME:&nbsp;<br>\u0130\u015f bu s\u00f6zle\u015fmenin uygulanmas\u0131nda, Sanayi ve Ticaret Bakanl\u0131\u011f\u0131nca ilan edilen de\u011fere kadar T\u00fcketici Hakem Heyetleri ile al\u0131c\u0131n\u0131n veya SATICIn\u0131n yerle\u015fim yerindeki T\u00dcKET\u0130C\u0130 MAHKEMELER\u0130 yetkilidir. Sipari\u015fin elektronik ortamda onaylanmas\u0131 durumunda, ALICI i\u015f bu s\u00f6zle\u015fmenin t\u00fcm h\u00fck\u00fcmlerini kabul etmi\u015f say\u0131l\u0131r.<\/p>\n","protected":false},"excerpt":{"rendered":"<p>Mesafeli Sat\u0131\u015f S\u00f6zle\u015fmesi T\u00fcm kullan\u0131c\u0131lar \u00fcyelik i\u015flemlerini ger\u00e7ekle\u015ftirdikleri anda \u015fat\u0131\u015f s\u00f6zle\u015fmesini okuduklar\u0131n\u0131 ve onaylad\u0131klar\u0131n\u0131 kabul etmi\u015f say\u0131l\u0131rlar.Sat\u0131\u015f S\u00f6zle\u015fmesi&nbsp;Acharaka.com &#8211; Mehmet \u00c7akmako\u011flu ile M\u00fc\u015fteri aras\u0131ndaki Sanal Ortamda&nbsp; Sat\u0131\u015f S\u00f6zle\u015fmesidir.Madde \u2013 1&nbsp;\u0130\u015f bu s\u00f6zle\u015fmenin konusu, sat\u0131c\u0131n\u0131n, al\u0131c\u0131ya sat\u0131\u015f\u0131n\u0131 yapt\u0131\u011f\u0131, a\u015fa\u011f\u0131da nitelikleri ve sat\u0131\u015f fiyat\u0131 belirtilen \u00fcr\u00fcn\u00fcn sat\u0131\u015f\u0131 ve teslimi ile ilgili olarak 4077 say\u0131l\u0131 T\u00fcketicilerin Korunmas\u0131 Hakk\u0131ndaki&#8230;<\/p>\n","protected":false},"author":1,"featured_media":0,"parent":0,"menu_order":0,"comment_status":"closed","ping_status":"closed","template":"","meta":{"postBodyCss":"","postBodyMargin":[],"postBodyPadding":[],"postBodyBackground":{"backgroundType":"classic","gradient":""},"_kad_post_transparent":"","_kad_post_title":"","_kad_post_layout":"","_kad_post_sidebar_id":"","_kad_post_content_style":"","_kad_post_vertical_padding":"","_kad_post_feature":"","_kad_post_feature_position":"","_kad_post_header":false,"_kad_post_footer":false,"_kad_post_classname":"","footnotes":""},"class_list":["post-532","page","type-page","status-publish","hentry"],"_links":{"self":[{"href":"https:\/\/acharaka.com.tr\/index.php\/wp-json\/wp\/v2\/pages\/532","targetHints":{"allow":["GET"]}}],"collection":[{"href":"https:\/\/acharaka.com.tr\/index.php\/wp-json\/wp\/v2\/pages"}],"about":[{"href":"https:\/\/acharaka.com.tr\/index.php\/wp-json\/wp\/v2\/types\/page"}],"author":[{"embeddable":true,"href":"https:\/\/acharaka.com.tr\/index.php\/wp-json\/wp\/v2\/users\/1"}],"replies":[{"embeddable":true,"href":"https:\/\/acharaka.com.tr\/index.php\/wp-json\/wp\/v2\/comments?post=532"}],"version-history":[{"count":3,"href":"https:\/\/acharaka.com.tr\/index.php\/wp-json\/wp\/v2\/pages\/532\/revisions"}],"predecessor-version":[{"id":535,"href":"https:\/\/acharaka.com.tr\/index.php\/wp-json\/wp\/v2\/pages\/532\/revisions\/535"}],"wp:attachment":[{"href":"https:\/\/acharaka.com.tr\/index.php\/wp-json\/wp\/v2\/media?parent=532"}],"curies":[{"name":"wp","href":"https:\/\/api.w.org\/{rel}","templated":true}]}}